{"version":"1.0","provider_name":"Blog Escola Espai","provider_url":"https:\/\/www.espai.es\/blog","author_name":"Adriano","author_url":"https:\/\/www.espai.es\/blog\/author\/adriano\/","title":"El Principio del Fin... para las unidades \u00f3pticas - Blog Escola Espai","type":"rich","width":600,"height":338,"html":"<blockquote class=\"wp-embedded-content\" data-secret=\"xmNqlCipjE\"><a href=\"https:\/\/www.espai.es\/blog\/2012\/09\/el-principio-del-fin-para-las-unidades-opticas\/\">El Principio del Fin&#8230; para las unidades \u00f3pticas<\/a><\/blockquote><iframe sandbox=\"allow-scripts\" security=\"restricted\" src=\"https:\/\/www.espai.es\/blog\/2012\/09\/el-principio-del-fin-para-las-unidades-opticas\/embed\/#?secret=xmNqlCipjE\" width=\"600\" height=\"338\" title=\"\u00abEl Principio del Fin&#8230; para las unidades \u00f3pticas\u00bb \u2014 Blog Escola Espai\" data-secret=\"xmNqlCipjE\" frameborder=\"0\" marginwidth=\"0\" marginheight=\"0\" scrolling=\"no\" class=\"wp-embedded-content\"><\/iframe><script type=\"text\/javascript\">\n\/* <![CDATA[ *\/\n\/*! This file is auto-generated *\/\n!function(d,l){\"use strict\";l.querySelector&&d.addEventListener&&\"undefined\"!=typeof URL&&(d.wp=d.wp||{},d.wp.receiveEmbedMessage||(d.wp.receiveEmbedMessage=function(e){var t=e.data;if((t||t.secret||t.message||t.value)&&!\/[^a-zA-Z0-9]\/.test(t.secret)){for(var s,r,n,a=l.querySelectorAll('iframe[data-secret=\"'+t.secret+'\"]'),o=l.querySelectorAll('blockquote[data-secret=\"'+t.secret+'\"]'),c=new RegExp(\"^https?:$\",\"i\"),i=0;i<o.length;i++)o[i].style.display=\"none\";for(i=0;i<a.length;i++)s=a[i],e.source===s.contentWindow&&(s.removeAttribute(\"style\"),\"height\"===t.message?(1e3<(r=parseInt(t.value,10))?r=1e3:~~r<200&&(r=200),s.height=r):\"link\"===t.message&&(r=new URL(s.getAttribute(\"src\")),n=new URL(t.value),c.test(n.protocol))&&n.host===r.host&&l.activeElement===s&&(d.top.location.href=t.value))}},d.addEventListener(\"message\",d.wp.receiveEmbedMessage,!1),l.addEventListener(\"DOMContentLoaded\",function(){for(var e,t,s=l.querySelectorAll(\"iframe.wp-embedded-content\"),r=0;r<s.length;r++)(t=(e=s[r]).getAttribute(\"data-secret\"))||(t=Math.random().toString(36).substring(2,12),e.src+=\"#?secret=\"+t,e.setAttribute(\"data-secret\",t)),e.contentWindow.postMessage({message:\"ready\",secret:t},\"*\")},!1)))}(window,document);\n\/\/# sourceURL=https:\/\/www.espai.es\/blog\/wp-includes\/js\/wp-embed.min.js\n\/* ]]> *\/\n<\/script>\n","description":"Al igual que le lleg\u00f3 el turno a la disquetera (algunos de vosotros ni sabr\u00e9is lo que significa ese t\u00e9rmino), las unidades \u00f3pticas es posible que tambi\u00e9n tengan sus d\u00edas contados. Sony ha anunciado que para marzo de 2013 deja de fabricar para equipos inform\u00e1ticos,..."}

El Principio del Fin... para las unidades ópticas - Blog Escola Espai

<blockquote class="wp-embedded-content" data-secret="xmNqlCipjE"><a href="https://www.espai.es/blog/2012/09/el-principio-del-fin-para-las-unidades-opticas/">El Principio del Fin&#8230; para las unidades ópticas</a></blockquote><iframe sandbox="allow-scripts" security="restricted" src="https://www.espai.es/blog/2012/09/el-principio-del-fin-para-las-unidades-opticas/embed/#?secret=xmNqlCipjE" width="600" height="338" title="«El Principio del Fin&#8230; para las unidades ópticas» — Blog Escola Espai" data-secret="xmNqlCipjE" frameborder="0" marginwidth="0" marginheight="0" scrolling="no" class="wp-embedded-content"></iframe><script type="text/javascript">
/* <![CDATA[ */
/*! This file is auto-generated */
!function(d,l){"use strict";l.querySelector&&d.addEventListener&&"undefined"!=typeof URL&&(d.wp=d.wp||{},d.wp.receiveEmbedMessage||(d.wp.receiveEmbedMessage=function(e){var t=e.data;if((t||t.secret||t.message||t.value)&&!/[^a-zA-Z0-9]/.test(t.secret)){for(var s,r,n,a=l.querySelectorAll('iframe[data-secret="'+t.secret+'"]'),o=l.querySelectorAll('blockquote[data-secret="'+t.secret+'"]'),c=new RegExp("^https?:$","i"),i=0;i<o.length;i++)o[i].style.display="none";for(i=0;i<a.length;i++)s=a[i],e.source===s.contentWindow&&(s.removeAttribute("style"),"height"===t.message?(1e3<(r=parseInt(t.value,10))?r=1e3:~~r<200&&(r=200),s.height=r):"link"===t.message&&(r=new URL(s.getAttribute("src")),n=new URL(t.value),c.test(n.protocol))&&n.host===r.host&&l.activeElement===s&&(d.top.location.href=t.value))}},d.addEventListener("message",d.wp.receiveEmbedMessage,!1),l.addEventListener("DOMContentLoaded",function(){for(var e,t,s=l.querySelectorAll("iframe.wp-embedded-content"),r=0;r<s.length;r++)(t=(e=s[r]).getAttribute("data-secret"))||(t=Math.random().toString(36).substring(2,12),e.src+="#?secret="+t,e.setAttribute("data-secret",t)),e.contentWindow.postMessage({message:"ready",secret:t},"*")},!1)))}(window,document);
//# sourceURL=https://www.espai.es/blog/wp-includes/js/wp-embed.min.js
/* ]]> */
</script>

Al igual que le llegó el turno a la disquetera (algunos de vosotros ni sabréis lo que significa ese término), las unidades ópticas es posible que también tengan sus días contados. Sony ha anunciado que para marzo de 2013 deja de fabricar para equipos informáticos,...
